 6*b + 47. Let f be (1/2)/(1/a). Calculate the highest common divisor of f and 90.
18
Let a(r) = -r**3 + 14*r**2 - 29*r + 7. Let d be a(7). Calculate the highest common divisor of d and 21.
21
Let h(p) = p + 7. Let r be h(-6). Let w be (-2)/(-10) - (-528)/60. What is the greatest common factor of r and w?
1
Let j = 980 - 960. Let u(f) = 34*f**2 + f + 2. Suppose 0 = 4*w + 5*y - 2*y + 1, w = -3*y - 7. Let b be u(w). What is the highest common divisor of b and j?
20
Suppose 4*t - 110 = -2*o - 0*t, 5*t = -5*o + 290. What is the greatest common divisor of 1159 and o?
61
Suppose 15*t - 28 = -3*k + 11*t, 5*k = -5*t + 40. What is the greatest common divisor of k and 6?
2
Suppose 5*v - 927 = 2*v + 4*r, 930 = 3*v - 3*r. Let f be 10/35 + v/7. Let g be 2034/f - 1/5. Calculate the greatest common divisor of 30 and g.
15
Suppose 5*l = -3*k + 80, 13*k + l - 76 = 10*k. What is the greatest common factor of 250 and k?
25
Let d(s) = 94*s**2 - s - 1. Let t be d(-1). What is the greatest common factor of t and 1034?
94
Suppose 0 = -2*a - w + 1327, a - 6*w = -3*w + 681. Calculate the greatest common divisor of a and 148.
74
Let r(x) = -x + 11. Let q be r(10). Calculate the greatest common divisor of q and 11.
1
Suppose -c + 5*n + 2096 = 0, 12*c + 4*n + 6310 = 15*c. What is the greatest common factor of c and 54?
54
Suppose 2*v - 13 = -3*a - 102, -2*a - 90 = 2*v. Let l = v - -85. Calculate the greatest common divisor of 13 and l.
13
Let g = -521 - -528. Let i be (175/(-20))/(2/(-8)). What is the greatest common divisor of g and i?
7
Let k be 38 - -3 - 4/4. Let o be 225/24 - 15/k. Calculate the greatest common factor of o and 12.
3
Let m = -417 + 214. Let p = 328 + m. Calculate the greatest common divisor of 25 and p.
25
Let o = -510 + 206. Suppose -3*c + 1530 = -0*m - 5*m, 0 = -5*m - 3*c - 1530. Let d be 1/(1 - o/m). What is the highest common divisor of d and 17?
17
Let z be (2/3)/((-1)/(-12)). Suppose 7 = z*n - 17. Calculate the greatest common factor of 2 and n.
1
Suppose -14*d = -6*d - 272. Calculate the greatest common factor of d and 4.
2
Let b(l) = -15*l + 44. Let w be b(-25). Suppose 421 = 6*d - w. What is the greatest common divisor of d and 56?
28
Let i(m) = 2*m**2 + 6*m - 20. Let k be i(13). Calculate the greatest common factor of k and 44.
44
Let c(x) = x**3 - x**2 - x - 9. Let l be c(0). Let d = -2 - l. Let y be d + 0/(-1) + 0. What is the highest common divisor of y and 1?
1
Let g be 0 + 49 - (-4 - (-9 - -12)). Calculate the greatest common factor of 40 and g.
8
Suppose -6*m = -252 + 84. What is the greatest common divisor of 14 and m?
14
Let o be 4 + (-2 + 1)*2. Suppose -o*y = 2*y - l - 281, -207 = -3*y - 3*l. Calculate the greatest common factor of 20 and y.
10
Suppose 0 = 4*j - a - 120, 2*j = j + 4*a + 30. Suppose -3*o - 3*o = -j. Calculate the highest common factor of o and 40.
5
Let a be ((-1568)/168)/(0 + -1) - 1/3. Suppose 5*w + 400 = 5*j - 0*w, w = 3*j - 242. Calculate the highest common divisor of a and j.
9
Suppose 3*y = 8*y + 40. Let a(i) = i**3 + 9*i**2 + 8*i + 7. Let x be a(y). Let k be -5*x/(140/(-8)). What is the greatest common factor of 6 and k?
2
Let k = -11 + 26. Suppose 0 = 12*p + 27*p - 4095. Calculate the highest common factor of k and p.
15
Suppose 3*y = -3*l + 1626, -y + 2791 - 65 = 5*l. What is the greatest common factor of l and 21?
21
Suppose -3*o - 169 = -3*t - t, 2*t - 83 = 3*o. Suppose 4*g + 38 = 2*p, p - 6*p = -2*g - 71. Let f = t - p. Calculate the greatest common factor of 75 and f.
15
Suppose 122 = 7*k - 4. Suppose 0 = d + 2*g - k - 4, -d - g + 20 = 0. Calculate the highest common divisor of d and 18.
18
Let p(r) = 0*r + 0 - 2*r - 6. Let w = 32 - 44. Let b be p(w). Calculate the greatest common divisor of b and 2.
2
Suppose -l = -4*t - 156, 3*l + t + 468 = 6*l. What is the highest common factor of 36 and l?
12
Let p = 1221 + -977. Calculate the greatest common factor of 8 and p.
4
Let m(x) = -x**3 - 8*x**2 + 2*x - 13. Let u be m(-9). Calculate the highest common divisor of 40 and u.
10
Let x be 435 + -2 - (22 + -16). Calculate the highest common divisor of 7 and x.
7
Let f be 2/8 - (8360/(-32))/19. Let q = -7 + 49. What is the greatest common divisor of f and q?
14
Let s be 1620/48 + (-3)/4. Let k = 580 + -283. Calculate the greatest common divisor of k and s.
33
Let x be (-4)/2*(8 - 4). Let l = 36 - x. Suppose 0 = 4*r - 6 - 10. Calculate the greatest common factor of r and l.
4
Let j = 20 - 11. Let x = 54 - j. Suppose x + 55 = 5*i. Calculate the greatest common factor of i and 30.
10
Suppose n + r - 419 = -3*n, -3*n - r = -315. Suppose -24 = -5*f + 2*f. Suppose -f*d + 13 = -7*d. What is the highest common divisor of n and d?
13
Suppose -269 = 7*b - 1431. What is the highest common factor of b and 2?
2
Suppose -2*m = -6*m + 308. Let v = -49 + m. Let z = -18 - -32. What is the highest common divisor of v and z?
14
Let m = -563 + 627. What is the greatest common factor of 72 and m?
8
Let q be 172/258*(36 - 0). Calculate the greatest common divisor of 344 and q.
8
Suppose -4*i = 6*x - 72, -92 = -5*i + x - 19. Let o(z) = 22*z + 1. Suppose -6*y = -y - 10. Let f be o(y). Calculate the greatest common factor of f and i.
15
Suppose -37 = -6*p + 155. What is the highest common factor of p and 8?
8
Let x be 3/4 - 2/(-8). Let k = 225 - 214. What is the highest common factor of k and x?
1
Suppose -n - 1 = 0, -322 = -31*m + 28*m + n. Calculate the greatest common factor of 535 and m.
107
Suppose i + 2*i - 135 = 0. Suppose -i = -2*v - v + 3*g, -5*g - 3 = v. What is the highest common factor of v and 96?
12
Suppose 5*q = 3*b + 4*q - 10, 0 = -2*b + 2*q + 4. Let g be (-8)/32 + 13/b. Let t be (2 - 153/(-6)) + (-1)/2. What is the greatest common divisor of g and t?
3
Suppose 6*d - 173 - 121 = 0. What is the highest common factor of 21 and d?
7
Suppose 0 = -2*b - 6*m + m + 811, 2*m = -2. Calculate the greatest common divisor of 17 and b.
17
Suppose -3 + 2 = -g. Let i(t) = t + 3. Let k be i(5). Let n = k + -6. Calculate the greatest common divisor of n and g.
1
Let d be ((-3)/6)/((-4)/(-104)). Suppose 5*x + 14 - 94 = 0. Let t = d + x. What is the highest common divisor of 27 and t?
3
Let t be (2 - 4)*(-2838)/12. What is the highest common factor of 86 and t?
43
Let c(r) = 40*r**2 - 17*r + 165. Let n be c(6). What is the highest common factor of 9 and n?
9
Suppose -13*o = -s - 16*o + 1503, -2*o = 3*s - 4502. Calculate the highest common divisor of 60 and s.
60
Let q(o) = -o**3 - o**2 + 5*o. Let w be q(-3). Let x = 69 - w. Calculate the greatest common factor of x and 44.
22
Suppose 0 = -2*n - 10, -5*h + 247 = -4*n - 203. Calculate the greatest common factor of h and 473.
43
Let q = -526 - -568. Calculate the highest common factor of q and 111.
3
Let q(w) = 145*w**2 - 9*w - 8. Let p be q(-1). What is the greatest common divisor of p and 511?
73
Let j = 2 + -2. Suppose -7 = 5*s - 2, j = 5*m + s - 109. Let r be -2 - (-24)/18*3. What is the greatest common factor of m and r?
2
Suppose -6 = 2*g - 38. Let j(q) = 6*q**2 + 7*q + 4. Let z be (-24)/15*(15/6 - 5). Let r be j(z). What is the greatest common factor of r and g?
16
Let b(t) = 3*t**2 - 2*t + 1. Let g be b(1). Suppose -g*c + 1 + 3 = 0. Suppose 0 = 11*d - 7*d - 16. What is the greatest common divisor of d and c?
2
Suppose 4*c + 22*c - 936 = 0. What is the greatest common factor of c and 1152?
36
Let d be (-146)/(-8) + 1/(-4). Let t be 36/(-10)*(117/13 + -14). Calculate the greatest common factor of d and t.
18
Suppose 0 = -10*u + 7*u + 33. Suppose 145 = 5*k - 0*k. Suppose 2*j - u = k. What is the greatest common divisor of j and 50?
10
Let h be (-8)/2 + 16/2. Suppose h*z + 7 + 17 = 0. Let x be (-1)/z - (-232)/48. Calculate the highest common divisor of 2 and x.
1
Let j be 2714/7 + 6/21. Suppose 7 - j = -3*n. Suppose d + 5*p = 4*d - 142, 0 = -3*d + 2*p + n. Calculate the highest common factor of 13 and d.
13
Let r(o) = -4*o. Suppose -6*h + 85 = -5*h. Let k be 68/h*(-35)/2. Let y be r(k). What is the greatest common divisor of 14 and y?
14
Let d = -28 + 56. Let h = 70 - d. Let b = 15 - 9. What is the highest common divisor of b and h?
6
Let p be ((-6)/(-4))/(63/672). What is the greatest common factor of 368 and p?
16
Suppose 2 = -x - x. Let o be (-1)/(x/(-4))*-2. Let s be ((-6)/o)/((-4)